to base 5
-2110322323
Convert -1524255 (base 9) to base 5.
-203433221
What is 120220021211002 (base 3) in base 14?
119d4a6
What is -20524301 (base 7) in base 2?
-110101000001011100011
What is -681905 (base 13) in base 15?
-338d2e
What is -114202223 (base 5) in base 10?
-537813
What is 1032312 (base 7) in base 3?
20101102100
What is -21143043 (base 5) in base 7?
-1340440
What is -12819 (base 16) in base 10?
-75801
-2055502 (base 7) to base 16
-3cdb1
Convert 29a06 (base 11) to base 10.
42477
404416 (base 9) to base 16
3a75b
-151306 (base 14) to base 6
-23414350
Convert 63650 (base 7) to base 14.
5a60
What is 24565 (base 9) in base 11?
11442
Convert 127898 (base 14) to base 6.
21342234
Convert -214315 (base 6) to base 14.
-66d9
Convert -151385 (base 9) to base 15.
-1c7d8
What is -1420201 (base 5) in base 13?
-10517
1110001010111001 (base 2) to base 14
1721b
What is -1000110111011110110001 (base 2) in base 4?
-20313132301
What is 112200212112 (base 3) in base 4?
1012220213
Convert 17b78a (base 12) to base 4.
1211012122
Convert 2046601 (base 10) to base 13.
56870b
-990a1 (base 14) to base 11
-233472
216225a (base 11) to base 14
70b028
Convert -d0d7a (base 16) to base 8.
-3206572
1539424 (base 13) to base 4
121321210330
Convert 787306 (base 11) to base 3.
2100201101210
What is -48aa70 (base 16) in base 2?
-10010001010101001110000
What is -52300 (base 12) in base 5?
-11420233
Convert -18c74 (base 14) to base 7.
-351104
Convert -10430342 (base 6) to base 14.
-82b66
-4314376 (base 8) to base 7
-12542220
10010111011010111 (base 2) to base 6
1354531
What is -7537552 (base 9) in base 10?
-4040570
-6aaa7 (base 12) to base 9
-237461
What is 438120 (base 13) in base 4?
12003312102
Convert 1898031 (base 10) to base 5.
441214111
What is 125253343 (base 6) in base 3?
11200210022000
What is -2110104 (base 6) in base 2?
-11001000000011000
Convert -22240314 (base 5) to base 13.
-6b498
22602036 (base 7) to base 16
1e45c3
Convert 200a343 (base 11) to base 4.
31210113222
What is -66454 (base 7) in base 4?
-10010323
What is 1001221010010120 (base 3) in base 13?
3254079
Convert -17800601 (base 9) to base 4.
-202033120333
Convert 73d0a1 (base 16) to base 8.
34750241
What is -15304 (base 13) in base 3?
-2000221121
23832121 (base 9) to base 15
1053014
610939 (base 10) to base 13
185104
What is 12102323133 (base 4) in base 8?
6227337
Convert -1d594 (base 16) to base 15.
-25942
Convert 308854 (base 10) to base 6.
10341514
Convert 2154444 (base 6) to base 13.
3a582
-10362033 (base 8) to base 4
-20132100123
What is -d31906 (base 16) in base 3?
-222000212100222
-13638 (base 10) to base 4
-3111012
Convert -447274 (base 9) to base 8.
-1012774
-2012221111001 (base 3) to base 14
-229daa
What is 221101122 (base 3) in base 7?
104654
Convert 6453106 (base 8) to base 7.
20446064
What is 24112512 (base 6) in base 15?
ee0c8
What is -11102333 (base 4) in base 15?
-6665
Convert -54c39 (base 13) to base 10.
-153669
Convert -1002200122030 (base 4) to base 7.
-301121503
What is 8cb7 (base 14) in base 7?
131220
What is 13320101221 (base 4) in base 13?
5741c8
-226100 (base 12) to base 15
-accd3
Convert 202211020110211 (base 3) to base 11.
6279525
Convert -20424004 (base 5) to base 8.
-515010
What is -1002312011203 (base 4) in base 12?
-5a50797
1062411 (base 11) to base 5
434100230
Convert -5b2f0 (base 16) to base 5.
-43422423
What is 470da9 (base 15) in base 12?
1178813
What is 10011212112200 (base 3) in base 15?
235c13
Convert -1333300 (base 6) to base 13.
-27c78
Convert -130242500 (base 6) to base 7.
-30411333
What is -7602236 (base 8) in base 6?
-111323034
What is 1100000100001111100 (base 2) in base 10?
395388
23330405 (base 8) to base 11
2968428
11227216 (base 8) to base 7
26466141
What is 7abba (base 13) in base 7?
1621540
What is -75583 (base 10) in base 11?
-51872
12663 (base 16) to base 2
10010011001100011
Convert 456371 (base 10) to base 14.
bc45d
-27e62 (base 16) to base 7
-1250314
What is d91206 (base 14) in base 7?
116252106
-2dc01 (base 14) to base 9
-184488
What is 3095b1 (base 12) in base 16?
ba415
Convert -2345670 (base 9) to base 6.
-43121443
Convert -56e592 (base 15) to base 16.
-3f4f91
What is 2b248 (base 13) in base 4?
103330113
What is -107b631 (base 12) in base 9?
-5832371
-20211333 (base 6) to base 3
-1002022120210
Convert 223708 (base 13) to base 14.
1703bc
-610e36 (base 16) to base 7
-105031053
832a28 (base 11) to base 9
2455863
Convert -134da1 (base 15) to base 12.
-388b2a
What is 1d0355 (base 16) in base 5?
441321042
Convert -3faa82 (base 16) to base 6.
-225232430
3f6b74 (base 16) to base 15
571751
Convert 277757 (base 8) to base 12.
48a67
1029a5 (base 11) to base 6
3311301
What is -505142 (base 6) in base 10?
-40022
52db3 (base 15) to base 3
111100201120
-97bc0 (base 16) to base 7
-5165652
185644 (base 10) to base 8
552454
What is -1dc138 (base 14) in base 10?
-1070406
Convert 114413121 (base 6) to base 4.
20110003021
Convert 1968c0 (base 16) to base 10.
1665216
Convert 647628 (base 9) to base 7.
3165545
23445311 (base 6) to base 5
142043243
Convert 411454 (base 9) to base 8.
734223
Convert 11533314 (base 6) to base 2.
1011010010111001110
What is -110002022301 (base 4) in base 15?
-6db126
What is -4151b (base 16) in base 12?
-10a9b7
What is -12023643 (base 9) in base 14?
-ac827b
What is 89a08 (base 11) in base 15?
28935
What is -42607 (base 8) in base 9?
-26366
What is -10020220022212 (base 3) in base 13?
-48767c
Convert a9dd (base 15) to base 3.
1211100201
Convert 11437836 (base 9) to base 3.
101111021221020
What is 39c8a5 (base 14) in base 9?
3668046
1a426d (base 14) to base 2
11100011111001001001
5c6db (base 14) to base 4
313101021
3c57d8 (base 15) to base 16
2c50d6
Convert -1022112200 (base 3) to base 11.
-18516
Convert -4422421 (base 5) to base 3.
-10220002110
What is 43988 (base 11) in base 12?
30a7a
What is 962141 (base 13) in base 15?
4973ce
Convert -10101101101011011011 (base 2) to base 8.
-2555333
What is -21100012101200 (base 3) in base 4?
-32320123233
What is -120320 (base 6) in base 8?
-24370
What is 930b9 (base 16) in base 15?
bd6d2
517385 (base 11) to base 10
829669
What is -421251 (base 6) in base 2?
-1000010011011111
Convert -2414224 (base 5) to base 4.
-22332023
Convert -110001010001001101 (base 2) to base 7.
-1500232
What is 32546 (base 13) in base 6?
1541112
What is -532442 (base 8) in base 7?
-1336216
Convert -70a0a (base 11) to base 16.
-1951b
233655 (base 7) to base 9
63766
-31234224 (base 5) to base 14
-6a3bb
Convert -22b55a (base 13) to base 6.
-25402255
Convert 1fc63 (base 16) to base 7.
1051303
Convert -443530021 (base 6) to base 3.
-120002111200111
Convert 112b402 (base 13) to base 9.
10836803
What is 11110110111011111 (base 2) in base 5?
13021211
What is 120634463 (base 7) in base 5?
3411142140
Convert -a17c (base 14) to base 13.
-c824
What is 110000101001001100111 (base 2) in base 5?
402001314
Convert -1090b0 (base 12) to base 10.
-264516
Convert 48326 (base 15) to base 14.
5dc79
-551407 (base 13) to base 2
-111101000110011100110
What is 133c45 (base 14) in base 5?
132214332
2138956 (base 10) to base 9
4020077
17a4c3 (base 13) to base 10
594025
-440435 (base 10) to base 6
-13235015
What is -5335344 (base 6) in base 15?
-52827
Convert -1c1d8 (base 15) to base 13.
-32897
-20101331232 (base 4) to base 8
-10217556
-11110111011 (base 3) to base 5
-10302320
What is -2dd183 (base 14) in base 12?
-658393
21b5d (base 15) to base 6
2144124
Convert -165718 (base 10) to base 6.
-3315114
What is -42301424 (base 5) in base 8?
-1262124
Convert -3727347 (base 10) to base 6.
-211520123
-150178 (base 10) to base 12
-72aaa
What is -22100212222202 (base 3) in base 10?
-4446164
Convert -10312322330 (base 4) to base 11.
-79a907
-1627550 (base 8) to base 13
-136442
Convert -2120211112002 (base 3) to base 10.
-1374545
Convert -465413 (base 7) to base 5.
-10133210
What is -111110000101100001001 (base 2) in base 13?
-563016
What is 762470 (base 8) in base 7?
2112165
296518 (base 10) to base 7
2343325
What is -641dd (base 15) in base 10?
-317683
What is -101001001000101001110 (base 2) in base 4?
-11021011032
6d1639 (base 14) to base 3
21000112001010
2130130 (base 8) to base 16
8b058
Convert 886075 (base 9) to base 15.
a6c82
20b9a90 (base 13) to base 16
986c